of i and 3.
3
Let y = 124 + -44. Calculate the greatest common divisor of 10 and y.
10
Let m = 34 + 21. What is the greatest common factor of m and 11?
11
Let t be 6/(-14) + 264/77. Suppose 0 = -a + t*u + 2*u + 6, -14 = -a - 3*u. Calculate the greatest common divisor of a and 44.
11
Let x = 299 + -204. Calculate the greatest common divisor of 19 and x.
19
Let r = 39 - 24. Let d(k) be the second derivative of 3*k**3/2 - 3*k**2/2 + k. Let u be d(2). Calculate the greatest common divisor of r and u.
15
Suppose -2*k = -0*k. Suppose p + 44 - 163 = k. Calculate the highest common factor of 17 and p.
17
Suppose -5*b + 82 + 193 = 0. Calculate the highest common factor of 5 and b.
5
Let s(v) = 4*v**3 + 4*v - 4. Let p be s(1). What is the highest common divisor of 10 and p?
2
Let d be -3*(-4)/(-30)*5. Let o = d - -2. Suppose -p + 6 = 2*j - o, -3*p + 3*j + 9 = 0. Calculate the highest common factor of 28 and p.
4
Let v be 42/4 - 114/(-76). Calculate the greatest common divisor of 108 and v.
12
Let a = -10 + 44. Calculate the highest common factor of 51 and a.
17
Let o(h) = h**3 + 11*h**2 - 13*h. Let b be o(-12). Suppose -b - 52 = -2*l. What is the greatest common factor of 8 and l?
8
Let o(u) = 340*u + 187. Let c(m) = -11*m - 6. Let k(s) = -187*c(s) - 6*o(s). Let h be k(1). What is the highest common factor of 119 and h?
17
Let t = 40 + -18. What is the greatest common divisor of 88 and t?
22
Suppose -2*m - y - 4 + 33 = 0, m - 42 = 5*y. Let h = -27 + 44. Calculate the highest common divisor of h and m.
17
Let d = 20 + -3. What is the highest common factor of d and 68?
17
Let t = 7 - -7. Calculate the greatest common factor of t and 7.
7
Suppose 7*o = 3*o + 16. Calculate the highest common factor of o and 28.
4
Let a(m) = -1. Let u(k) = k + 11. Let i(g) = 6*a(g) + u(g). Let p be i(5). What is the highest common factor of p and 25?
5
Let y = -2 + 42. What is the greatest common factor of y and 20?
20
Let f(q) = -q**3 - 13*q**2 - 2*q + 12. Let g be f(-13). What is the greatest common divisor of g and 57?
19
Suppose 3 = i, 4*t - 2*i + i = 17. Suppose -3*w = -t*v + 6*v - 2, -10 = -5*v + 4*w. Calculate the greatest common factor of v and 10.
2
Suppose -b = -4*t + 21, 2*b = -5*t + 5*b + 21. Let l = t + 4. Suppose 5*x - 17 = -2, 2*n - 5*x = 165. Calculate the highest common divisor of n and l.
10
Let v be 2/12 - 3/((-54)/285). Calculate the highest common factor of 40 and v.
8
Suppose -q + 4 = 2. Suppose -q*a + 70 = 3*a. Calculate the highest common factor of 2 and a.
2
Suppose 3*k - 7 = -f - 0*f, -3*k + 2*f = -22. What is the greatest common divisor of 16 and k?
4
Suppose 5*a + 5*w = 1220, 2*a + w - 5 - 479 = 0. What is the greatest common divisor of a and 30?
30
Let u(q) = -q**3 + q**2 + q + 105. Let m be u(0). Let j be ((-27)/6 + -3)*(-1 + -1). What is the highest common divisor of m and j?
15
Suppose 2 = 4*a - 3*u - 15, 0 = u - 5. What is the greatest common divisor of 1 and a?
1
Suppose -4*c + 3 = -29. What is the greatest common factor of c and 24?
8
Let f(l) = -17*l - 1. Let q be f(-1). Let v = q - 0. What is the greatest common factor of 16 and v?
16
Suppose 0 = -17*f + 3718 - 726. Calculate the greatest common divisor of f and 16.
16
Let s be (4/8 - 1)*-72. Calculate the greatest common factor of 12 and s.
12
Let g be (-64)/(-6) + (-6)/9. Let f(h) = -h - 7. Let k be f(-7). Suppose t - 6*t + 250 = k. What is the highest common factor of t and g?
10
Suppose 3*g - 147 = -7*a + 2*a, 2*g - 100 = -4*a. Calculate the greatest common factor of 4 and g.
4
Suppose 3*y = -35 - 1. Let f(l) = -8*l - 16. Let g(w) = 9*w + 16. Let b(o) = 4*f(o) + 3*g(o). Let x be b(y). Calculate the greatest common divisor of x and 22.
22
Let l(w) = -2*w**2 + w. Let y be l(2). Let v be ((-4)/3)/(4/y). Suppose -a - 4*p = -42, 5*p - 17 = -v. Calculate the greatest common divisor of 10 and a.
10
Let g be (-5)/10 + 1/2. Suppose -5*n = -3*l - 173, g*l - 3*l + 31 = n. Let a(w) = -44*w - 3. Let t be a(-2). Calculate the highest common divisor of t and n.
17
Suppose -x + 2*k + 45 = 3*k, -3*k + 9 = 0. Calculate the greatest common factor of x and 63.
21
Let c be ((-2)/5)/(9/(-45)). Suppose -c*y + 18 = -3*o, -y - o + 9 = -0*o. Calculate the greatest common divisor of y and 45.
9
Let u be (-1)/(-2) + (-23)/(-2). Calculate the highest common factor of 12 and u.
12
Let y(q) = -2*q**2 + 15*q + 15. Let l be y(8). Calculate the highest common divisor of 7 and l.
7
Let b(j) = -j**2 - 4*j + 1. Let m be b(-3). Let h be -4 + (-15)/(-10)*4. Suppose -7*d + h*d = -o - 39, m*o = 4. Calculate the greatest common factor of 8 and d.
8
Let q be (-248)/(-2)*3/6. Suppose 3*m = 5*u - 0*u + q, m - 2*u = 20. Calculate the greatest common divisor of m and 8.
8
Suppose 4*b - r - 615 = 0, r - 5*r + 4 = 0. What is the greatest common divisor of b and 22?
22
Suppose 4*t + 0*t = 56. Let s be 1/((-2)/(-30)*3). Suppose -5*c - s*v = -c - 616, 0 = -4*v. Calculate the greatest common factor of t and c.
14
Suppose 0 = 5*u - 11 - 9. Suppose -q = 4*a - 149, -a + 4*q + 11 = -q. What is the highest common divisor of u and a?
4
Let n be 18/24 - 799/4. Let d = 319 + n. Let o be (2 + 1)*d/18. Calculate the highest common factor of o and 40.
20
Let f(k) = -110*k**3 + 2*k**2 + 2*k + 1. Let m be f(-1). Let u = 237 - m. Suppose 90 = 2*z + 3*z. What is the highest common divisor of z and u?
18
Let c = 34 - 21. Let n(j) = -j**3 - 10*j**2 - 12*j + 12. Let k be n(-9). Calculate the greatest common divisor of c and k.
13
Let v(q) = 11*q + 4. Let x(c) = -7*c - 3. Let p(f) = -5*v(f) - 8*x(f). Let y be p(-4). Suppose -30 = -5*t - y. What is the highest common divisor of t and 3?
3
Let v be (-2)/6 + 3/9. Suppose 0*y + y = 4*a + 1, v = y - 5*a. Suppose -s - j + 29 = -5*j, s = -4*j + 61. What is the highest common factor of y and s?
5
Let y = -212 + 307. What is the highest common divisor of 38 and y?
19
Let u be (-8)/10*(-125)/2. What is the highest common divisor of u and 20?
10
Suppose q - 3*q = -156. Suppose 4 + 22 = p. What is the highest common divisor of q and p?
26
Let b(a) = a. Let z be b(5). Suppose -n + z*t = -40, -4*n - 4 = -3*t - 79. Calculate the highest common factor of 60 and n.
15
Let l(v) = -v**3 + 2*v**2 + v + 1. Let c be l(3). Let b = c + 9. What is the greatest common divisor of b and 36?
4
Suppose -2*l - 4*c = -340, 5*l + c + 3*c - 820 = 0. Suppose 60 = -4*u + 7*u. Calculate the greatest common factor of l and u.
20
Suppose -3*b - 8 = b. Let w be 34/4 - b/4. Suppose 4*k - 19 = -z, -3*k - 4*z = 3 - 1. Calculate the greatest common divisor of w and k.
3
Let h = 104 - 34. What is the greatest common divisor of 14 and h?
14
Let y be ((-8)/(-4))/(8 + -6). Calculate the highest common factor of 9 and y.
1
Suppose 5*z = -15, 3*a - 2*a - 3*z - 12 = 0. Suppose -2*p - n = -94, p + a*p - n - 176 = 0. What is the highest common factor of p and 9?
9
Suppose 714 = -0*n + 6*n. Calculate the greatest common factor of 7 and n.
7
Let a(u) = u**3 - u**2 + u + 30. Let f be a(0). Let l = 5 + -2. Let s be 3/6*f + l. Calculate the greatest common factor of 9 and s.
9
Suppose -x = 5*h - 11, h + 5*x - 4*x = -1. Suppose 5*o = -0*o, 264 = h*l + 4*o. Calculate the highest common divisor of 11 and l.
11
Let j(f) = -f + 1. Suppose p + 10 = -3*a - 0*p, -4*a = -2*p. Let k be j(a). What is the greatest common divisor of 33 and k?
3
Suppose 0 = z - 100 + 28. What is the highest common factor of 9 and z?
9
Suppose -24 = -4*c + 2*c + 2*n, 4*n = 2*c - 18. What is the greatest common factor of c and 60?
15
Let i be (-12 + 4)*(-78)/(-8). Let n = -33 - i. What is the greatest common factor of 30 and n?
15
Suppose 11*z - 6*z - 180 = 0. What is the highest common divisor of 18 and z?
18
Let w be (-1 - -4)/((-6)/(-8)). Suppose -5*u + u - 108 = -w*g, -4*g - 5*u + 153 = 0. Calculate the greatest common divisor of 80 and g.
16
Let g(p) = 11*p - 2. Let i be g(3). Calculate the greatest common factor of i and 31.
31
Suppose 0 = -2*m + 5*h + 41, 2*h + 67 = 4*m + 7*h. What is the highest common factor of 45 and m?
9
Suppose -101 = -3*x + 2*t, -5*t = 4*x - 4*t - 153. Suppose -3*n + 17 = -x. Calculate the greatest common divisor of n and 90.
18
Let w(o) = o**3 + 2*o**2 - o. Let p be w(-2). Suppose -5*b + 56 = -4*l, l + p*l = -b - 4. Calculate the highest common divisor of 32 